{"id":7,"date":"2025-11-16T15:35:46","date_gmt":"2025-11-16T15:35:46","guid":{"rendered":"https:\/\/gabelgeist.avome.eu\/?page_id=7"},"modified":"2025-11-16T16:31:20","modified_gmt":"2025-11-16T16:31:20","slug":"das-neue-museum-oeffnet-seine-tueren-2","status":"publish","type":"page","link":"https:\/\/gabelgeist.avome.eu\/","title":{"rendered":"DEINE GUTEN K\u00dcCHENGEISTER"},"content":{"rendered":"\n<div class=\"wp-block-group alignwide\"><div class=\"wp-block-group__inner-container is-layout-flow wp-block-group-is-layout-flow\">\n<h2 class=\"wp-block-heading has-text-align-center\">GabelGeist \ud83d\udc7b\u200b findet das passende Rezept f\u00fcr dich.<\/h2>\n\n\n\n<p class=\"has-text-align-center\">Wir durchst\u00f6bern Foodblogs, Kochseiten und Ern\u00e4hrungsportale und sammeln die besten Rezepte f\u00fcr dich, sortiert nach Ern\u00e4hrungsweise, Zubereitungszeit, Alltagstauglichkeit oder Ziel (z. B. High Protein, vegetarisch, kinderfreundlich).<\/p>\n<\/div><\/div>\n\n\n\n<div class=\"wp-block-columns alignwide is-layout-flex wp-container-core-columns-is-layout-9d6595d7 wp-block-columns-is-layout-flex\">\n<div class=\"wp-block-column is-layout-flow wp-block-column-is-layout-flow\">\n<div class=\"wp-block-group\"><div class=\"wp-block-group__inner-container is-layout-flow wp-block-group-is-layout-flow\">\n<figure class=\"wp-block-image alignfull size-full\"><img loading=\"lazy\" decoding=\"async\" width=\"1024\" height=\"1536\" src=\"https:\/\/gabelgeist.avome.eu\/wp-content\/uploads\/2025\/11\/Proteinreiche-Rezepte.png\" alt=\"\" class=\"wp-image-34\" srcset=\"https:\/\/gabelgeist.avome.eu\/wp-content\/uploads\/2025\/11\/Proteinreiche-Rezepte.png 1024w, https:\/\/gabelgeist.avome.eu\/wp-content\/uploads\/2025\/11\/Proteinreiche-Rezepte-200x300.png 200w, https:\/\/gabelgeist.avome.eu\/wp-content\/uploads\/2025\/11\/Proteinreiche-Rezepte-683x1024.png 683w, https:\/\/gabelgeist.avome.eu\/wp-content\/uploads\/2025\/11\/Proteinreiche-Rezepte-768x1152.png 768w\" sizes=\"auto, (max-width: 1024px) 100vw, 1024px\" \/><\/figure>\n\n\n\n<h3 class=\"wp-block-heading\">20 proteinriche Gerichte unter 600 kcal<\/h3>\n\n\n\n<p>Jetzt Rezepte sehen!<\/p>\n\n\n\n<div class=\"wp-block-button is-style-outline is-style-outline--1\"><a class=\"wp-block-button__link wp-element-button\" href=\"https:\/\/make.wordpress.org\/core\/2019\/09\/27\/block-editor-theme-related-updates-in-wordpress-5-3\/\">20 protein rezepte &lt;600 kcal<\/a><\/div>\n<\/div><\/div>\n\n\n\n<div class=\"wp-block-group\"><div class=\"wp-block-group__inner-container is-layout-flow wp-block-group-is-layout-flow\">\n<figure class=\"wp-block-image alignfull size-full\"><img decoding=\"async\" src=\"https:\/\/gabelgeist.avome.eu\/wp-content\/themes\/twentytwenty\/assets\/images\/2020-three-quarters-3.png\" alt=\"\" class=\"wp-image-37\"\/><\/figure>\n\n\n\n<h3 class=\"wp-block-heading\">Kreative Schaupl\u00e4tze<\/h3>\n\n\n\n<p>1. Oktober \u2013 1. Dezember<\/p>\n\n\n\n<div class=\"wp-block-button is-style-outline is-style-outline--2\"><a class=\"wp-block-button__link wp-element-button\" href=\"https:\/\/make.wordpress.org\/core\/2019\/09\/27\/block-editor-theme-related-updates-in-wordpress-5-3\/\">Weiterlesen<\/a><\/div>\n<\/div><\/div>\n<\/div>\n\n\n\n<div class=\"wp-block-column is-layout-flow wp-block-column-is-layout-flow\">\n<div class=\"wp-block-group\"><div class=\"wp-block-group__inner-container is-layout-flow wp-block-group-is-layout-flow\">\n<figure class=\"wp-block-image alignfull size-full\"><img decoding=\"async\" src=\"https:\/\/gabelgeist.avome.eu\/wp-content\/themes\/twentytwenty\/assets\/images\/2020-three-quarters-2.png\" alt=\"\" class=\"wp-image-37\"\/><\/figure>\n\n\n\n<h3 class=\"wp-block-heading\">Leben und leben lassen<\/h3>\n\n\n\n<p>1. August \u2013 1. Dezember<\/p>\n\n\n\n<div class=\"wp-block-button is-style-outline is-style-outline--3\"><a class=\"wp-block-button__link wp-element-button\" href=\"https:\/\/make.wordpress.org\/core\/2019\/09\/27\/block-editor-theme-related-updates-in-wordpress-5-3\/\">Weiterlesen<\/a><\/div>\n<\/div><\/div>\n\n\n\n<div class=\"wp-block-group\"><div class=\"wp-block-group__inner-container is-layout-flow wp-block-group-is-layout-flow\">\n<figure class=\"wp-block-image alignfull size-full\"><img decoding=\"async\" src=\"https:\/\/gabelgeist.avome.eu\/wp-content\/themes\/twentytwenty\/assets\/images\/2020-three-quarters-4.png\" alt=\"\" class=\"wp-image-37\"\/><\/figure>\n\n\n\n<h3 class=\"wp-block-heading\">Von Signac bis Matisse<\/h3>\n\n\n\n<p>1. Oktober \u2013 1. Dezember<\/p>\n\n\n\n<div class=\"wp-block-button is-style-outline is-style-outline--4\"><a class=\"wp-block-button__link wp-element-button\" href=\"https:\/\/make.wordpress.org\/core\/2019\/09\/27\/block-editor-theme-related-updates-in-wordpress-5-3\/\">Weiterlesen<\/a><\/div>\n<\/div><\/div>\n<\/div>\n<\/div>\n\n\n\n<figure class=\"wp-block-image alignfull size-full\"><img decoding=\"async\" src=\"https:\/\/gabelgeist.avome.eu\/wp-content\/themes\/twentytwenty\/assets\/images\/2020-landscape-2.png\" alt=\"\" class=\"wp-image-37\"\/><\/figure>\n\n\n\n<div class=\"wp-block-group alignwide\"><div class=\"wp-block-group__inner-container is-layout-flow wp-block-group-is-layout-flow\">\n<h2 class=\"wp-block-heading has-text-align-center has-accent-color has-text-color\">Weniger suchen, schneller kochen.<\/h2>\n\n\n\n<p class=\"has-text-align-center\"><strong><br><\/strong>Du musst nie wieder zig Foodblogs durchsuchen, um passende Rezepte zu finden. Bei uns erh\u00e4ltst du passende Rezeptsammlungen.<\/p>\n<\/div><\/div>\n\n\n\n<p>\ud83c\udf7d <strong>Schnelle 15-Minuten-Gerichte<\/strong><br>F\u00fcr alle, die jetzt sofort essen wollen<\/p>\n\n\n\n<p>\ud83d\udcaa <strong>High Protein Gerichte unter 500 kcal<\/strong><br>F\u00fcr Fitness, Di\u00e4t oder einfach mehr S\u00e4ttigung<\/p>\n\n\n\n<p>\ud83c\udf31 <strong>Veganes Comfort Food<\/strong><br>Warm, s\u00e4ttigend, ohne Langeweile<\/p>\n\n\n\n<p>\ud83d\udc68\u200d\ud83d\udc69\u200d\ud83d\udc67\u200d\ud83d\udc66 <strong>Familienfreundlich &amp; unkompliziert<\/strong><br>Gerichte, die wirklich alle essen<\/p>\n\n\n\n<p>\ud83e\udd63 <strong>Meal Prep f\u00fcrs ganze Wochenende<\/strong><br>Kochen, wegstellen, entspannen<\/p>\n\n\n\n<p>\u27a1\ufe0f Alle Sammlungen ansehen<\/p>\n\n\n\n<div class=\"wp-block-group alignwide has-background\" style=\"background-color:#ffffff\"><div class=\"wp-block-group__inner-container is-layout-flow wp-block-group-is-layout-flow\">\n<div class=\"wp-block-group\"><div class=\"wp-block-group__inner-container is-layout-flow wp-block-group-is-layout-flow\">\n<h2 class=\"wp-block-heading has-text-align-center\">Werde kostenlos Mitglied und erhalte exklusive Angebote!<\/h2>\n\n\n\n<p class=\"has-text-align-center\">Abonniere unseren Newsletter und erhalte einmal im Monat Koch-Inspiration!<\/p>\n\n\n\n<div class=\"wp-block-button aligncenter is-style-fill\"><a class=\"wp-block-button__link has-accent-background-color has-background wp-element-button\" href=\"https:\/\/make.wordpress.org\/core\/2019\/09\/27\/block-editor-theme-related-updates-in-wordpress-5-3\/\">Newsletter abonnieren<\/a><\/div>\n<\/div><\/div>\n<\/div><\/div>\n\n\n\n<figure class=\"wp-block-gallery alignwide has-nested-images columns-default is-cropped wp-block-gallery-5 is-layout-flex wp-block-gallery-is-layout-flex\">\n<figure class=\"wp-block-image size-large\"><img decoding=\"async\" data-id=\"39\" src=\"https:\/\/gabelgeist.avome.eu\/wp-content\/themes\/twentytwenty\/assets\/images\/2020-square-2.png\" alt=\"\" class=\"wp-image-39\"\/><\/figure>\n\n\n\n<figure class=\"wp-block-image size-large\"><img decoding=\"async\" data-id=\"38\" src=\"https:\/\/gabelgeist.avome.eu\/wp-content\/themes\/twentytwenty\/assets\/images\/2020-square-1.png\" alt=\"\" class=\"wp-image-38\"\/><\/figure>\n<\/figure>\n","protected":false},"excerpt":{"rendered":"<p>GabelGeist \ud83d\udc7b\u200b findet das passende Rezept f\u00fcr dich. Wir durchst\u00f6bern Foodblogs, Kochseiten und Ern\u00e4hrungsportale und sammeln die besten Rezepte f\u00fcr dich, sortiert nach Ern\u00e4hrungsweise, Zubereitungszeit, Alltagstauglichkeit oder Ziel (z. B. High Protein, vegetarisch, kinderfreundlich). 20 proteinriche Gerichte unter 600 kcal Jetzt Rezepte sehen! Kreative Schaupl\u00e4tze 1. Oktober \u2013 1. Dezember Leben und leben lassen 1. [&hellip;]<\/p>\n","protected":false},"author":1,"featured_media":38,"parent":0,"menu_order":0,"comment_status":"closed","ping_status":"closed","template":"","meta":{"footnotes":""},"class_list":["post-7","page","type-page","status-publish","has-post-thumbnail","hentry"],"_links":{"self":[{"href":"https:\/\/gabelgeist.avome.eu\/index.php\/wp-json\/wp\/v2\/pages\/7","targetHints":{"allow":["GET"]}}],"collection":[{"href":"https:\/\/gabelgeist.avome.eu\/index.php\/wp-json\/wp\/v2\/pages"}],"about":[{"href":"https:\/\/gabelgeist.avome.eu\/index.php\/wp-json\/wp\/v2\/types\/page"}],"author":[{"embeddable":true,"href":"https:\/\/gabelgeist.avome.eu\/index.php\/wp-json\/wp\/v2\/users\/1"}],"replies":[{"embeddable":true,"href":"https:\/\/gabelgeist.avome.eu\/index.php\/wp-json\/wp\/v2\/comments?post=7"}],"version-history":[{"count":5,"href":"https:\/\/gabelgeist.avome.eu\/index.php\/wp-json\/wp\/v2\/pages\/7\/revisions"}],"predecessor-version":[{"id":35,"href":"https:\/\/gabelgeist.avome.eu\/index.php\/wp-json\/wp\/v2\/pages\/7\/revisions\/35"}],"wp:featuredmedia":[{"embeddable":true,"href":"https:\/\/gabelgeist.avome.eu\/index.php\/wp-json\/wp\/v2\/media\/38"}],"wp:attachment":[{"href":"https:\/\/gabelgeist.avome.eu\/index.php\/wp-json\/wp\/v2\/media?parent=7"}],"curies":[{"name":"wp","href":"https:\/\/api.w.org\/{rel}","templated":true}]}}